 + 16*t - 15. Let k be b(-17). What is the hundreds digit of (k + 45/4)/((-25)/(-900))?
4
Let s(u) = 1784*u - 3882. What is the hundreds digit of s(12)?
5
What is the units digit of (16625/(-21))/((-10)/450*5)?
5
Let b = 3235 + -1880. What is the thousands digit of b?
1
Let i(g) = -g**3 + 27*g**2 + 6*g - 26. Let l(a) = -a**3 - 9*a**2 - 11*a + 3. Let j be l(-8). What is the tens digit of i(j)?
3
Suppose 20*x + 1945680 = 54*x + 46*x. What is the hundreds digit of x?
3
Let d(p) be the third derivative of 79/24*p**4 - 1/6*p**3 + p - 27*p**2 + 0. What is the tens digit of d(1)?
7
Let v = 1095 + -581. Suppose 2072 = 4*n - 2*d - 2*d, d = -n + v. What is the hundreds digit of n?
5
Let r(t) = t**2 - 21*t + 57. Let o be r(3). Let n(b) = 190*b + 21. What is the units digit of n(o)?
1
Suppose 3*k - 87 = 11*t - 12*t, -3*k + 4*t + 102 = 0. Suppose -k*y + 15560 + 16990 = 0. What is the hundreds digit of y?
0
Let n(p) = 7*p**3 + 3*p**2 + 5*p + 1. Let l be n(-2). Let f = 90 + l. Suppose -f = -w + 14. What is the units digit of w?
1
Suppose 18*t - 15*t = -21. What is the units digit of (-2)/t - 458964/(-532)?
3
Let q = 7505 + -3481. What is the thousands digit of q?
4
Let q = 203 + -88. Let w = 91 + q. What is the hundreds digit of w?
2
Let v(z) = 297*z + 5. Let r be v(5). Suppose r = 10*x - 2680. What is the tens digit of x?
1
Let i(f) = f**3 + 5*f**2 - 14*f + 12. Let h be i(-7). Let s = h - -12. Let c(p) = p + 42. What is the units digit of c(s)?
6
Let u(n) = -1621*n + 853. What is the hundreds digit of u(-4)?
3
Let j = -25733 - -29878. What is the units digit of j?
5
Let d = -121 + 77. Let t = -415 + d. What is the tens digit of t/(-12) + 12/16?
3
Suppose -15 + 5 = -5*n. Suppose -a = -n*v + 7, -5*a - 5*v - 8 = -33. What is the tens digit of 76 + (a - 4) + 3?
7
Suppose v + 5*z + 0*z = 215, 0 = 5*v - 4*z - 1046. Suppose -s + 2*y = -135, s = -2*y + v - 75. Suppose 4*h - s = 161. What is the units digit of h?
4
Suppose 0 = -218*h - 24*h + 12525001 + 4067245. What is the hundreds digit of h?
5
Let w = 57 - 53. Suppose -5*v + 708 = 3*t, 0 = w*t + 14 + 2. Suppose 5*q - v = 301. What is the units digit of q?
9
Let c(x) = 45*x**3 - 6*x**2 - 65*x + 105. What is the hundreds digit of c(6)?
2
Let h = -49 + 54. Suppose -153 - 102 = h*l. Let w = l + 104. What is the tens digit of w?
5
Suppose 9417 = 20*b - 10105 + 342. What is the units digit of b?
9
Let y(t) = t**2 - 2*t - 11. Let n be y(-3). Suppose 340 = n*m - 0*m. What is the hundreds digit of ((-5678)/m)/((-2)/5)?
1
What is the ten thousands digit of (144/60)/((16/(-320))/(21675/(-24)))?
4
Let g be (-1168)/(-6) + ((-32)/24)/2. What is the units digit of 3/(((-6)/(-12))/(g/4))?
1
Let t(c) = 2*c - 11. Let y(x) = x**2 - 6*x + 4. Let j = 5 + 3. Let k be y(j). What is the units digit of t(k)?
9
Let q be -321*((-28)/(-6) - 5). Let t(d) = d**2 - 2*d - 3. Let n be t(3). Suppose 3*j + 4*h - 6*h - q = n, -5*j + 170 = 5*h. What is the tens digit of j?
3
Let h = -4614 - -7984. Let z = -1874 + h. What is the thousands digit of z?
1
Let h be 14/21*(-9)/2. Let u be 8/32*(h + 3). Suppose u = m + 2*m - 15, -c = 2*m - 125. What is the hundreds digit of c?
1
Suppose 41*s - 337816 - 541142 = 0. What is the units digit of s?
8
Suppose 45*j = -108*j + 1398573. What is the units digit of j?
1
Let z = -118 - -122. Suppose -3*m + 1449 = -3*b, 0 = z*b + 8 - 0. What is the units digit of m?
1
Suppose -2*z = -5*z + 6. Suppose -4*q + 1560 + 146 = 2*j, -5*q - z*j = -2133. Suppose -q = -5*c + 868. What is the hundreds digit of c?
2
Let p(u) = 6*u**2 - 88*u + 2800. What is the hundreds digit of p(37)?
7
Let s be 35 + (4 + -4)/3. Let w = 44 - s. Suppose 5*p - 2*x - 30 = 0, -4*p = 6*x - x + w. What is the units digit of p?
4
Let s(f) = f**2 - 19*f + 9. Let k be s(-23). Suppose -2*n + k = d, -4*n + 601 + 1346 = -d. What is the units digit of n?
7
Let f(g) = -20*g**3 + 7*g**2 + 6*g + 2. Let l be f(-2). Let j be (-6 - (-320)/52) + l/26. What is the tens digit of (-11)/((-66)/(-27))*(1 - j)?
2
Let h = 6336 - 6105. What is the tens digit of h?
3
Let d(j) = 5*j**2 + 14*j - 14. Let q be d(6). Suppose -q*y = -249*y - 1408. What is the hundreds digit of y?
4
Suppose 3*u - x = 761, 2 + 2 = x. Let y(a) = a**3 + 8*a**2 - 80*a - 600. Let w be y(-10). What is the units digit of -12 + u - (4 - w)?
9
Suppose 51 = 3*i + 3*r, 6*i = 3*i - 2*r + 46. Let k(u) = u**3 - 7*u**2 + 21*u + 3. What is the units digit of k(i)?
5
Suppose -8*b + 229878 = -3*b + 13*b. What is the hundreds digit of b?
7
Suppose -231*h + 235*h - 6908 = 0. Suppose 3*q - y = h, q - 198 = 3*y + 375. What is the tens digit of q?
7
Let s be 508 + -4 + (-5 - -9). Suppose -2*c = 5*x - 337, 4*c - 184 = -4*x + s. What is the hundreds digit of c?
1
Suppose -7459 - 16428 = -2*b - 4627. What is the hundreds digit of b?
6
Let t(d) = -6006*d**3 + 31*d**2 + 50*d - 17. What is the units digit of t(-2)?
5
Let f(d) = -748*d + 13666. What is the units digit of f(-57)?
2
Let j be (4 - 18/4)*-1754. Let q = j + -324. What is the units digit of q?
3
Let z = 14865 + -7374. What is the hundreds digit of z?
4
Let i(u) = 59*u**3 + 14*u**2 - 21*u + 3. Let j(r) = r**3 + r**2 - r. Let p(n) = i(n) - 5*j(n). What is the hundreds digit of p(2)?
4
What is the tens digit of (48*(-30)/(-12))/(((-14)/599)/(-7))?
4
Suppose 72*p + 129*p = 1792518. What is the tens digit of p?
1
Suppose 5*x - 96198 = 2*y + 4908, -3*x - y = -60657. What is the thousands digit of x?
0
Let l = -38776 - -72222. What is the units digit of l?
6
Let t = -6452 - -10704. What is the tens digit of t?
5
Let l(c) = 3*c**2 + 2*c - 2. Let j = -9 - -5. Let k be l(j). Suppose k = 5*y - 3*y. What is the units digit of y?
9
Let s(q) = -q**3 - 8*q**2 + 6*q - 11. Suppose 15*p - 11*p = -44. Let g be s(p). Suppose -6*v + g + 278 = 0. What is the units digit of v?
4
Let k = -8455 + 15147. What is the units digit of k?
2
Let v be 118/10 - (-1)/5. Suppose -v*q + 8*q - 2*x = -796, -2*x = -3*q + 583. What is the tens digit of q?
9
Suppose -19 + 20 = t. Let l(v) = v + t - 2*v + 123*v**2 + 1. What is the hundreds digit of l(1)?
1
Let n(y) = y - 1. Let i(g) = -8*g + 11. Let p(o) = 2*i(o) + 14*n(o). Let j(s) = -3*s + 8. Let q(b) = 4*j(b) - 5*p(b). What is the units digit of q(-15)?
2
Suppose 0 = -g + 2*g - 4*f - 9, -3 = 3*f. Suppose -588 + 71 = -n - d, -2*d = g*n - 2597. What is the units digit of n?
1
Let b(s) be the third derivative of -s**4/24 - 3*s**3 + 49*s**2. Let x be b(-26). Suppose -x*d + 19*d - 957 = 0. What is the units digit of d?
7
Let q(y) = 26*y**2 - 63*y + 37. Let w(c) = -51*c**2 + 124*c - 73. Let g(t) = -11*q(t) - 6*w(t). What is the units digit of g(9)?
2
Let g(j) = -15*j**2 + 16*j - 204. Let o be g(10). Let s = -876 - o. What is the units digit of s?
8
Suppose 0 = -94*v + 95*v - 356. Suppose j = 2*c + v, -j - 3*c + 705 = j. What is the tens digit of j?
5
Suppose 13*o - 36 = -88. What is the units digit of (-3)/(3*o/340)?
5
Suppose -3*g = -5*y - 992, -85 - 710 = 4*y - g. Let z = y - -473. What is the units digit of z?
4
Let s(a) = -a**2 + 32*a + 43. Let o be s(33). Suppose 30 = 3*i - 3. Suppose -i*p + o*p = -184. What is the units digit of p?
4
Suppose -4*k = -5*r + 82500, 10*r - 14*r = -k - 65989. What is the ten thousands digit of r?
1
Let m(g) = -5*g**3 + 8*g**2 + 5*g - 37. What is the hundreds digit of m(-8)?
9
Let t = -14832 + 21856. What is the hundreds digit of t?
0
Let y be -8 + 2 + 12 + -5. What is the units digit of y*-50*(-8)/(-40)*-196?
0
Suppose -1575 = -k + 2*x, -3*x + 3143 = 2*k - 0*x. Let q = k + -902. What is the units digit of q?
1
Let b = 366 - 369. What is the hundreds digit of (-1036)/b*(-36)/(-24)?
5
Let z(s) = -s**3 + 21*s**2 - 7*s - 87. Suppose -302 = -12*g - 62. What is the units digit of z(g)?
3
What is the thousands digit of (4 - 0) + 2 + 5501?
5
Let p(l) be the first derivative of -6*l - 17 + 23/2*l**2. What is the units digit of p(3)?
3
Suppose 8*z - 9*z = 5*h - 11884, -5*z = 5. What is the units digit of h?
7
Let u = -11 - -407. What is the units digit of ((-440)/(-120))/(1/u)?
2
Suppose 5*u + 4*f = 10 + 7, f = -5*u + 23. Suppose 3*b = -3*m - 1671, -u*m = -m. What is the hundreds digit of (-3)/((-36)/(-8)) - b/3?
1
Let t(s) = -s**3 - 8*s**2 - 5*s - 3. Let v be (6 + 65/(-10))*0/(-2). Suppose v*a + 2*a = -18. What is the hundreds digit 